{"id":12,"date":"2022-04-06T12:26:56","date_gmt":"2022-04-06T10:26:56","guid":{"rendered":"http:\/\/localhost\/castore\/?page_id=12"},"modified":"2024-07-09T12:48:20","modified_gmt":"2024-07-09T10:48:20","slug":"castore-spl-s-r-l","status":"publish","type":"page","link":"https:\/\/castorespl.it\/?page_id=12","title":{"rendered":"Castore SPL S.r.l."},"content":{"rendered":"\n<p>In attuazione della deliberazione della Commissione Straordinaria n. 131 del 16.10.2014, con atto per Notar Stefano Poeta,&nbsp; N.11991 di Repertorio&nbsp; \u2013 N. 7769 di Raccolta&nbsp; del 05.08.2015,&nbsp; \u00e8 stata costituita la societ\u00e0 a responsabilit\u00e0 limitata a capitale interamente pubblico e avente come unico socio il Comune di Reggio Calabria, per la gestione dei servizi pubblici locali del Comune di Reggio Calabria denominata:&nbsp;<strong>CASTORE SPL S.R.L.<\/strong><\/p>\n\n\n\n<p>Il 13 luglio 2022 in sede di assemblea straordinaria presso Notar Stefano Poeta con atto Repertorio n. 9538 &#8211; Raccolta n.7396 \u00e8 stato approvato l\u2019aumento del capitale sociale dagli iniziali euro 250.000 a euro 1.940.000 attraverso ulteriori conferimenti da parte del Comune di Reggio Calabria e con l\u2019ingresso nella compagine societaria della Citt\u00e0 Metropolitana di Reggio Calabria che, giusta delibera di consiglio metropolitano n.53\/2021, ha acquisito una partecipazione per una quota pari al 48,97%.<br><br>La societ\u00e0 \u00e8 a capitale interamente\u00a0 pubblico\u00a0ed \u00e8 soggetta al cosiddetto controllo analogo da parte dei soci.<\/p>\n\n\n\n<p>Il Capitale sociale \u00e8 suddiviso nelle seguenti quote di partecipazione:<\/p>\n\n\n\n<figure class=\"wp-block-table\"><table><tbody><tr><td><strong>Comune di Reggio Calabria<\/strong><\/td><td><strong>51,03%<\/strong><\/td><\/tr><tr><td><strong>Citt\u00e0 Metropolitana di Reggio Calabria<\/strong><\/td><td><strong>48,97%<\/strong><\/td><\/tr><\/tbody><\/table><\/figure>\n","protected":false},"excerpt":{"rendered":"<p>In attuazione della deliberazione della Commissione Straordinaria n. 131 del 16.10.2014, con atto per Notar Stefano Poeta,&nbsp; N.11991 di Repertorio&nbsp; \u2013 N. 7769 di Raccolta&nbsp; &#8230; <\/p>\n","protected":false},"author":1,"featured_media":0,"parent":0,"menu_order":0,"comment_status":"closed","ping_status":"closed","template":"","meta":{"footnotes":""},"class_list":["post-12","page","type-page","status-publish","hentry"],"_links":{"self":[{"href":"https:\/\/castorespl.it\/index.php?rest_route=\/wp\/v2\/pages\/12","targetHints":{"allow":["GET"]}}],"collection":[{"href":"https:\/\/castorespl.it\/index.php?rest_route=\/wp\/v2\/pages"}],"about":[{"href":"https:\/\/castorespl.it\/index.php?rest_route=\/wp\/v2\/types\/page"}],"author":[{"embeddable":true,"href":"https:\/\/castorespl.it\/index.php?rest_route=\/wp\/v2\/users\/1"}],"replies":[{"embeddable":true,"href":"https:\/\/castorespl.it\/index.php?rest_route=%2Fwp%2Fv2%2Fcomments&post=12"}],"version-history":[{"count":3,"href":"https:\/\/castorespl.it\/index.php?rest_route=\/wp\/v2\/pages\/12\/revisions"}],"predecessor-version":[{"id":4377,"href":"https:\/\/castorespl.it\/index.php?rest_route=\/wp\/v2\/pages\/12\/revisions\/4377"}],"wp:attachment":[{"href":"https:\/\/castorespl.it\/index.php?rest_route=%2Fwp%2Fv2%2Fmedia&parent=12"}],"curies":[{"name":"wp","href":"https:\/\/api.w.org\/{rel}","templated":true}]}}